 5*h. What is o(h)?
-10
Let s(r) = r**3 + 6*r**2 + 7*r - 4. Let h be s(-4). Suppose h = 3*t - 6 + 9. Let c(j) be the first derivative of 2*j**3/3 - j + 2. Give c(t).
1
Let r(s) = 9*s**3 + 4*s**2 - 7*s + 2. Let d(b) = 25*b**3 + 11*b**2 - 20*b + 6. Let y(j) = -6*d(j) + 17*r(j). Calculate y(-2).
-20
Let g(z) be the third derivative of -z**5/60 - 5*z**4/6 - 17*z**3/6 + 124*z**2. Calculate g(-15).
58
Let f(q) = q**2 - 3*q + 2. Let m(u) = -u**2 - 25*u - 153. Let i be m(-12). What is f(i)?
2
Let o(z) be the first derivative of -3/2*z**2 + 17 - 2*z - 2/3*z**3. Give o(-3).
-11
Let d(t) = -t - 1. Let z be -2*(-12 + 2 + 2). Suppose -4*w + 0*u = 2*u + z, 2*w - 3*u = -8. Determine d(w).
3
Let k(o) = 170*o**3 + 171*o**3 + 2*o - 339*o**3 - 2*o - o. Suppose 4*i = -0*i. Let b = -1 + i. What is k(b)?
-1
Suppose -2*i - v + 3*v + 230 = 0, -3*i = -v - 337. Let p = 108 - i. Let d(j) = 2*j**2 + 3*j - 4. What is d(p)?
5
Let o(k) = 15*k. Let x(n) = -13*n + 1. Let m(b) = 6*o(b) + 7*x(b). Determine m(9).
-2
Let h(o) = -6 - 33*o + 30*o + 0 + o**2 + 2. What is h(5)?
6
Let o(v) = -v**2 + 6*v + 13. Let h be (10/4 + (-78)/39)*12. Give o(h).
13
Suppose 2*z - 5*t = 16, 2*z + 0 - 4 = -t. Let q(k) = -2 - k**z - 5 + 2 - k**2 - 5*k + 7*k**2. Give q(5).
-5
Let n(t) = -t**2 + 6*t + 20. Let s(v) = -3*v**2 + 9*v + 41. Let j(z) = 5*n(z) - 2*s(z). Calculate j(-9).
-9
Let p(f) = -f + 8. Let t(u) = 4*u - 33. Let s(m) = 9*p(m) + 2*t(m). Calculate s(6).
0
Let n(k) = -2*k + 4. Let l(p) = -p + 2. Suppose 5*t - 6 = y, 0 = 2*t - 3*y + y + 4. Let z(b) = t*n(b) - 5*l(b). What is z(7)?
5
Let h(f) = f**3 - 17*f**2 - 19*f + 21. Let r be 3/(2/(-4) + (-116)/(-174)). Calculate h(r).
3
Suppose 0 = -5*k - 5*d + 35, -k + 4*d + 2 - 5 = 0. Suppose 2*i = i + k. Suppose 0*o = i*o + 15. Let t(m) = -m**3 - 2*m**2 + 2*m + 2. Calculate t(o).
5
Let s(r) = 5*r**3 - 9*r**2 - 7*r - 6. Let h(u) = -u**3 + 2*u**2 + u + 1. Let g(f) = -4*h(f) - s(f). Give g(-2).
8
Let k(i) = i**2 - 4*i - 1. Let l be k(4). Let p(j) = -8*j**2 + 6*j + 1. Let v(m) = m**2 - m. Let b(y) = l*p(y) - 6*v(y). What is b(-1)?
1
Let c(w) be the first derivative of -w**4/4 + w**3/6 + 3*w**2/2 - 19. Let n(d) be the second derivative of c(d). Calculate n(-2).
13
Let w(h) = h**3 + 3*h**2 - 23*h - 23. Let t be w(4). Let b(l) = 3*l**3 + 10*l**2 + 3*l - 1. Determine b(t).
-1
Let a(n) be the second derivative of 0 + 2*n + 7/2*n**2 - 1/2*n**3. Determine a(5).
-8
Let n(c) = -3*c**3 - 2*c**2 + c. Let g be n(1). Let j(s) = s**3 + 5*s**2 + 2*s + 3. Calculate j(g).
11
Let s(y) = y + 1. Suppose 5*d = 4*h - 55, 7*d + 22 = 5*d + 5*h. Give s(d).
-10
Let p be (-114)/(-24) - 3/(-12). Let x(t) = -2 - 2*t - p - 8*t**2 + 6. Give x(-1).
-7
Suppose -4*w + 0*y = 4*y + 68, -33 = 2*w + y. Let b be (-9)/6*w/(-12). Let j(f) = -f**2 + 4*f - 1. Let m(v) = v. Let c(l) = -j(l) + 4*m(l). What is c(b)?
5
Let n = -14 + 14. Suppose -g - o = -9, -5*g + 3*o - 4*o + 29 = n. Let v(x) = -x + 4*x + 5*x - x**2 - g. Give v(6).
7
Let d(t) = t**3 - 4*t**2 - 2*t - 4. Let s(i) = -i**3 + 5*i**2 - 3*i - 4. Let z be s(2). Suppose z*q - 5*c - 15 = 0, 5*q - 3*c = c + 29. Calculate d(q).
11
Let n(c) = 6*c - 10. Let m(x) = x + 1. Let p(d) = 5*m(d) - n(d). Let r be 66/9*1/4*6. Let l be p(r). Let z(y) = y**3 - 5*y**2 + 5*y + 1. What is z(l)?
5
Let g(o) = 3*o**2 + 3*o. Let v(b) = -4*b**2 - 2*b. Let r(i) = -3*g(i) - 4*v(i). Let m(c) = -11*c - 1 + 20*c - 11*c. Let l be m(-1). Give r(l).
6
Suppose 0 = -6*t - 100 + 82. Let i(j) = j**3 + j**2 - 3*j + 4. Determine i(t).
-5
Let t(n) = -272*n + 7 + 129*n + n**2 + 159*n. Determine t(-16).
7
Suppose -3*b - h - 8 = 3, 0 = 2*b - 4*h - 2. Let y(g) = 2*g**2 + 2*g + 3. What is y(b)?
15
Let s(r) = -15*r - 5. Let v(m) = 29*m + 10. Let t(q) = -5*s(q) - 3*v(q). Let h(d) = 4*d + 2. Let k(u) = 8*h(u) + 3*t(u). Give k(-2).
9
Let u = -29 - -32. Let g(p) = p**u + 0 - 2 - 7*p + 4 - 4*p**2 + 0*p**3. What is g(5)?
-8
Suppose -23*p + 20*p - 6 = 0. Let c(k) be the second derivative of k**5/20 - k**3/6 - k + 37. Calculate c(p).
-6
Suppose 0 = -5*p - 2*h + 2, 4*p + 0*p - 2*h - 16 = 0. Let m(r) = p*r + r**2 - r + 94 - 98. What is m(3)?
8
Let z(x) = -2*x. Let g(b) = 0 + 2*b - 6 + 2. Let v(k) = k + 9. Let m be v(-5). Let f be g(m). Calculate z(f).
-8
Let c(z) = z - 2. Let k(g) = g**2 - 4*g - 5. Let r be k(5). Suppose b = -r*b. Suppose -2*v + b*v + 5*j = 4, 2*v - 2*j = 2. What is c(v)?
1
Let f(u) = -2*u - 9. Suppose -6 + 10 = 2*i. Let a be 306/(-84)*i + 4/14. Calculate f(a).
5
Let h(l) be the first derivative of -8/3*l**3 + 0*l - 1/2*l**2 + 2. What is h(-1)?
-7
Let o(k) = 2*k**3 + 68 + k**2 - 3*k + 79 - 223 + 77 + 5*k. Calculate o(-1).
-2
Let p(a) = -a**2 + 3*a + 3. Let s be p(3). Let f = 23 - 20. Let o(b) = -3*b - 2 - 2*b**3 + 5*b**2 + 5*b**3 - 2*b**3 - 2*b**f. What is o(s)?
7
Let o(p) = p**3 - 9*p**2 + 7*p + 9. Let l(z) = -z**3 + 7*z**2 - 6*z + 8. Let v be l(6). What is o(v)?
1
Let a(v) = v**3 + 12*v**2 + 24*v + 12. Let p be a(-10). Let r = p - -25. Let b(h) = -6*h + 3*h + 3*h**2 - 3*h**2 - h**2 - 4. What is b(r)?
-4
Let r = 61 - 41. Suppose -5*i + r = -0*i. Suppose 0*a - 4*a = o - 8, 0 = -i*o - 16. Let c(s) = s**3 - s**2 - 3*s + 3. Give c(a).
12
Suppose -10*p + 60 - 60 = 0. Let x(n) = -20*n**3 - 20*n**2 - 20*n + 8. Let s(r) = -7*r**3 - 7*r**2 - 7*r + 3. Let d(i) = -17*s(i) + 6*x(i). Determine d(p).
-3
Suppose -5*w = j + 1, 3*w = -5*j + 8 + 9. Let a(l) = -j*l**2 + 6*l**3 + 4*l**3 + 5 + 5*l - l**2 - 11*l**3. Give a(-6).
11
Suppose 0 = r - 4*q - 7, r - q + 3 - 7 = 0. Let d(v) = -v**3 + 2*v**2 + 3*v + 1. Determine d(r).
1
Let q(j) be the first derivative of j**2/2 + 2*j + 13. Determine q(10).
12
Let x(d) = -d**2 + 5*d + 3. Let h(g) = 2*g**2 - 9*g - 5. Let w(l) = 3*h(l) + 5*x(l). Let m(z) = -2*z**2 - 5*z + 6. Let a be m(-3). Give w(a).
3
Let u(x) = -x**2 + 13*x + 19. Suppose 56 = 42*i - 38*i - 5*b, 2*i - b - 28 = 0. What is u(i)?
5
Let d(v) = v**3 - 8*v**2 + 8*v - 3. Let k(f) = f**3 + 7*f**2 - 10*f + 5. Let x be k(-8). Suppose 0 = 3*w - 0*w - x. Calculate d(w).
4
Let f(t) = 6*t - 1 - 3 - 7 - t**2 + 9 + 0*t. Let u = -8 + 13. What is f(u)?
3
Let v(f) = 2*f + 35. Let h(c) = -5*c - 76. Let r(b) = -6*h(b) - 13*v(b). Determine r(-5).
-19
Suppose 2*b + 18 = -b. Let s = b - -10. Let f(g) = 3*g + 2*g + 2 + s*g - 8*g. What is f(-5)?
-3
Let n be 2/(-7) - 10/(-35). Let b = n - -3. Let o(v) = -2*v**3 - 2*v**b - 1 - 2*v + 9*v**3. Determine o(-1).
-4
Suppose -37 = r - 65. Suppose r*y - 27*y + 1 = 0. Let k(o) = 13*o**2 + o + 1. Give k(y).
13
Let s(z) = -3. Let o(h) = 5*h + 94. Let m be o(-21). Let p(u) = -u - 16. Let y(v) = m*s(v) + 2*p(v). Let a = 16 - 10. Determine y(a).
-11
Let y(l) = -1 - 4 - l**2 + 3*l + 0*l**2 + 3. Let s be (14*3)/3 + 2. Suppose 2*j = 2*k + s, -k - 2*k - 15 = 0. What is y(j)?
-2
Let l(t) = 1 - t**2 - 4*t + 0*t**2 - 2*t**2 + t**3. Suppose 6*k - 10*g + 6 = -5*g, 0 = -k + 2*g - 8. Determine l(k).
1
Let i be (-12)/20 + (-9)/(-15). Let u be 1 + (6/3)/(-2). Suppose u = -i*s + 5*s + 15. Let l(c) = -c**3 - 2*c**2 + 3. Give l(s).
12
Suppose 0 = h - 5, 2*t - 6*h = -h - 45. Let q(b) = b**2 + 9*b - 14. What is q(t)?
-4
Suppose -11 - 9 = -2*a - 4*i, 0 = -a + 3*i. Let j(h) = 3*h + 5. Let k(q) be the first derivative of -q + 3. Let y(w) = a*k(w) + j(w). What is y(-1)?
-4
Let a(m) = 0*m - 15*m + 8 - m**2 + 13*m. What is a(-4)?
0
Let b(q) = q**3 - 4*q**2 - 2*q + 8. Let d be b(4). Suppose 0 = 3*l - d*l + 6. Let n(p) be the first derivative of 2*p**3/3 + 3*p**2/2 + p - 1. Calculate n(l).
3
Suppose -5*y - 49 = -4*c, 2*c + y - 24 = 3*y. Suppose 18 = 5*w - d, c = w - 5*d - 7. Let k be 2 + (4 - (-3)/w). Let s(i) = i**2 - 5*i - 7. Give s(k).
7
Suppose -123*p + k = -127*p + 20, 0 = -p + 5*k + 26. Let i(m) = -4*m**2 + 1 + m**2 + 4*m**2 - 4*m. Calculate i(p).
13
Suppose -2 = -3*a + 4. Let q(y) = -y**2 - y**a + 24 + 10*y + y**2 + 0*y**2. Let w be q(12). Let i(d) = d**3 - 6. Determine i(w).
-6
Let j(b) be the third derivative of -b**4/8 - b**3/3 + 890*b**2. Suppose -4*l - 4*i = 12, -l - 5*i - 1 - 2 = 0. What is j(l)?
7
Let p(d) be the third derivative of -d**4/6 - 4*d**3/3 - d**2 + 4*d. Determine p(-10).
32
Let q(s) = -6*s + 2. Let a(n) = 2*n + 1. Let x(b) = -4*a(b) - q(b). Calculate x(9).
-24
Let m(w) = w**3 - 9*w**2 + 9*w - 12. Suppose -535 = -13*s + 8*s. Let t = s + -99. Determine m(t).
-4
Let o(h) = 2*h**2 - 